{"id":59,"date":"2024-02-19T18:39:17","date_gmt":"2024-02-19T18:39:17","guid":{"rendered":"https:\/\/www.kjr-mooot.de\/blog\/?page_id=59"},"modified":"2025-12-18T06:22:50","modified_gmt":"2025-12-18T06:22:50","slug":"dienste","status":"publish","type":"page","link":"https:\/\/www.kjr-mooot.de\/blog\/dienste\/","title":{"rendered":"Dienste auf kjr-mooot.de"},"content":{"rendered":"\n<h1 class=\"wp-block-heading\"><strong>Dienste auf kjr-moot.de<\/strong><\/h1>\n\n\n\n<h3 class=\"wp-block-heading has-text-align-center has-base-color has-contrast-background-color has-text-color has-background has-link-color wp-elements-46b58f292fe884d3e74bb15850004adb\"><strong>Allgemeines<\/strong><\/h3>\n\n\n\n<p>Der Tools-Server kjr-mooot.de ist 2024 als &#8222;Bastelprojekt&#8220; gestartet. Es war ein Test ob man mit der Software Yunohost einen Server betreiben kann, auch ohne eine IT-ler zu sein.<\/p>\n\n\n\n<div class=\"wp-block-buttons is-layout-flex wp-block-buttons-is-layout-flex\">\n<div class=\"wp-block-button\"><a class=\"wp-block-button__link wp-element-button\" href=\"https:\/\/www.kjr-mooot.de\/blog\/ueber-dieses-projekt\/\">Mehr Infos zu dem Test <\/a><\/div>\n<\/div>\n\n\n\n<p>Auch wenn der Server sich offiziell immer noch im  Teststatus befindet liefen und laufen die Anwendungen stabil (bis auf einmal als Cryptpad von uns so &#8222;zerschossen&#8220; wurde, das nur noch eine Neuinstallation geholfen hat).<\/p>\n\n\n\n<p>Auch wenn das &#8222;Bastelprojekt&#8220; in der Zwischenzeit beendet ist kommen immer noch neue Anwendungen hinzu. <\/p>\n\n\n\n<p>Einige der Dienste auf kjr-mooot.de sind frei nutzbar. Wenn Ihr einen der Dienste nutzen wollt f\u00fcr den man sich registrieren muss, dann k\u00f6nnt Ihr Euch, sofern Ihr im Kreisjugendring M\u00fcnchen-Stadt seit, an die Fachstelle Medien und Technologie wenden.<\/p>\n\n\n\n<h3 class=\"wp-block-heading has-text-align-center has-base-color has-contrast-background-color has-text-color has-background has-link-color wp-elements-65abd5ddc66ccb18f29f9b12fe15762c\"><strong>Etherpad<\/strong><\/h3>\n\n\n\n<p>Etherpad ist eine webbasierter Texteditor zum kollaborativen Schreiben von Texten. Eigenet sich zum Beispiel besonders um zum Beispiel gemeinsam an einem Protokoll zu schreiben.<\/p>\n\n\n\n<p>Mehr Infos und die Geschichte zu Etherpad -&gt; <a href=\"https:\/\/de.wikipedia.org\/wiki\/Etherpad\" target=\"_blank\" rel=\"noreferrer noopener\">Wikipedia<\/a><\/p>\n\n\n\n<p><a href=\"https:\/\/ether.kjr-mooot.de\" target=\"_blank\" rel=\"noreferrer noopener\">https:\/\/ether.kjr-mooot.de<\/a><\/p>\n\n\n\n<h3 class=\"wp-block-heading has-text-align-center has-base-color has-contrast-background-color has-text-color has-background has-link-color wp-elements-a4132b11c973ba2a93632739ef7aac62\"><strong>Cryptpad <\/strong><\/h3>\n\n\n\n<p>Cryptpad ist eine Cloud und ein eine Plattform zum kollaborativen arbeitem Was es alles kann k\u00f6nnt Ihr hier nachlesen:<br><a href=\"https:\/\/www.kjr-mut.de\/mut-tool-tipps-cryptopad\/\">https:\/\/www.kjr-mut.de\/mut-tool-tipps-cryptopad\/<\/a><\/p>\n\n\n\n<p>Warum wir CryptPad so m\u00f6gen? Alle Daten sind verschl\u00fcsselt, auch wir als Betreiber haben keinen Zugriff darauf (ZeroKnowledge).<\/p>\n\n\n\n<p><a href=\"https:\/\/crypt.kjr-mooot.de\">https:\/\/crypt.kjr-mooot.de<\/a><\/p>\n\n\n\n<h3 class=\"wp-block-heading has-text-align-center has-base-color has-contrast-background-color has-text-color has-background has-link-color wp-elements-4ebc1f433246cac3d87c5e2f78b2dec1\"><strong>Rustdesk<\/strong><\/h3>\n\n\n\n<p>Rustdesk ist eine Open Source Alternative zu Fernwartungssoftware (z.B. Teamviewer).<\/p>\n\n\n\n<p>Neben der Software die auf den beiden Rechnern l\u00e4uft braucht man auch einen Server, der zwischen den beiden Rechnern vermittelt. Da man aber vielleicht nicht den Server von fremden Leuten verwenden m\u00f6chte, kann man auch einen eigenen Server betreiben.<\/p>\n\n\n\n<p>Der Rustdesk-Server des MoooT-Server ist allerings nicht \u00f6ffentlich. Ihr seid Mitarbeiter*in im KJR, dann k\u00f6nnt Ihr der Fachstelle MuT eine kurze Mail schicken und Ihr bekommt die Zugangsdaten.<\/p>\n\n\n\n<h3 class=\"wp-block-heading has-text-align-center has-base-color has-contrast-background-color has-text-color has-background has-link-color wp-elements-8ab54ca43131e3bf7bfc92d365f9abf2\"><strong>Opensondage<\/strong><\/h3>\n\n\n\n<p>Opensondage oder Framadate ist vielen von Nuudel von digitalcourage bekannt. Es ist ein Termin- und Abstimmungsstool.<\/p>\n\n\n\n<p><a href=\"https:\/\/date.kjr-mooot.de\/\" target=\"_blank\" rel=\"noreferrer noopener\">https:\/\/date.kjr-mooot.de\/<\/a>  <\/p>\n\n\n\n<h3 class=\"wp-block-heading has-text-align-center has-base-color has-contrast-background-color has-text-color has-background has-link-color wp-elements-b336229ee338027aaac772fb5b2577cc\"><strong>Pleroma<\/strong><\/h3>\n\n\n\n<p>Pleroma ist ein Micro-Blogging-Dienst wie Bluesky oder fr\u00fcher Twitter. Der Dienst ist Teil des Fediverse. Auf unserem Pleroma ist aber gerade sehr wenig los und nur noch aus &#8222;historischen&#8220; Gr\u00fcnden da. Die Fachstelle MuT nutzt heute haupts\u00e4chliche Pixelfed.<\/p>\n\n\n\n<p><a href=\"https:\/\/pleroma.kjr-mooot.de\" target=\"_blank\" rel=\"noreferrer noopener\">https:\/\/pleroma.kjr-mooot.de<\/a><\/p>\n\n\n\n<h3 class=\"wp-block-heading has-text-align-center has-base-color has-contrast-background-color has-text-color has-background has-link-color wp-elements-42ab3f9e67095620d0b09331968210ad\"><strong>LibreQR<\/strong><\/h3>\n\n\n\n<p>Tool zum erstellen von QR-Codes:<\/p>\n\n\n\n<p><a href=\"https:\/\/tools.kjr-mooot.de\/libreQR\" target=\"_blank\" rel=\"noreferrer noopener\">https:\/\/tools.kjr-mooot.de\/libreQR<\/a><\/p>\n\n\n\n<p>Mehr Infos zu QR-Codes:<br><a href=\"https:\/\/www.kjr-mut.de\/der-qr-code\/\" target=\"_blank\" rel=\"noreferrer noopener\">https:\/\/www.kjr-mut.de\/der-qr-code\/<\/a><\/p>\n\n\n\n<h3 class=\"wp-block-heading has-text-align-center has-base-color has-contrast-background-color has-text-color has-background has-link-color wp-elements-71dcf8176459238d54b94739fa8f8edf\"><strong>PairDrop<\/strong><\/h3>\n\n\n\n<p>Tool zum Teilen von Daten vor Ort.<\/p>\n\n\n\n<p>Mit PairDrop kann man Daten zwischen zwei Ger\u00e4ten teilen bzw hin und herschicken, solange sich beide Ger\u00e4te im gleichen wLan befinden. Und da das ganze Browser basiert ist, geht das ganze auch Betriebssystem \u00fcbergreifend. (Tipp: Firefox ist manchmal nicht sehr kooperativ lieber Chromium (die freie Version von Chome) oder \u00e4nliches nutzen.<\/p>\n\n\n\n<p><a href=\"https:\/\/drop.kjr-mooot.de\/\" target=\"_blank\" rel=\"noreferrer noopener\">https:\/\/drop.kjr-mooot.de\/<\/a><\/p>\n\n\n\n<p><\/p>\n","protected":false},"excerpt":{"rendered":"<p>Dienste auf kjr-moot.de Allgemeines Der Tools-Server kjr-mooot.de ist 2024 als &#8222;Bastelprojekt&#8220; gestartet. Es war ein Test ob man mit der Software Yunohost einen Server betreiben kann, auch ohne eine IT-ler zu sein. Auch wenn der Server sich offiziell immer noch im Teststatus befindet liefen und laufen die Anwendungen stabil (bis auf einmal als Cryptpad von [&hellip;]<\/p>\n","protected":false},"author":1,"featured_media":0,"parent":0,"menu_order":0,"comment_status":"closed","ping_status":"closed","template":"","meta":{"footnotes":""},"class_list":["post-59","page","type-page","status-publish","hentry"],"_links":{"self":[{"href":"https:\/\/www.kjr-mooot.de\/blog\/wp-json\/wp\/v2\/pages\/59","targetHints":{"allow":["GET"]}}],"collection":[{"href":"https:\/\/www.kjr-mooot.de\/blog\/wp-json\/wp\/v2\/pages"}],"about":[{"href":"https:\/\/www.kjr-mooot.de\/blog\/wp-json\/wp\/v2\/types\/page"}],"author":[{"embeddable":true,"href":"https:\/\/www.kjr-mooot.de\/blog\/wp-json\/wp\/v2\/users\/1"}],"replies":[{"embeddable":true,"href":"https:\/\/www.kjr-mooot.de\/blog\/wp-json\/wp\/v2\/comments?post=59"}],"version-history":[{"count":20,"href":"https:\/\/www.kjr-mooot.de\/blog\/wp-json\/wp\/v2\/pages\/59\/revisions"}],"predecessor-version":[{"id":363,"href":"https:\/\/www.kjr-mooot.de\/blog\/wp-json\/wp\/v2\/pages\/59\/revisions\/363"}],"wp:attachment":[{"href":"https:\/\/www.kjr-mooot.de\/blog\/wp-json\/wp\/v2\/media?parent=59"}],"curies":[{"name":"wp","href":"https:\/\/api.w.org\/{rel}","templated":true}]}}