{"id":151,"date":"2024-05-23T16:05:37","date_gmt":"2024-05-23T16:05:37","guid":{"rendered":"https:\/\/www.kjr-mooot.de\/blog\/?page_id=151"},"modified":"2025-12-18T06:38:23","modified_gmt":"2025-12-18T06:38:23","slug":"datenschutzerklaerung-dienste","status":"publish","type":"page","link":"https:\/\/www.kjr-mooot.de\/blog\/datenschutzerklaerung-dienste\/","title":{"rendered":"Datenschutzerkl\u00e4rung Dienste"},"content":{"rendered":"\n<h2 class=\"wp-block-heading\"><strong>Allgemeine Datenschutzerkl\u00e4rung f\u00fcr die MuT-Onlinedienste<\/strong><\/h2>\n\n\n\n<p class=\"has-medium-font-size\">Die Folgende Erkl\u00e4rung ist eine \u00dcbersicht. Einzelne Dienste, vor allem die Teil des Fediverse sind, haben nochmal Eigene.<\/p>\n\n\n\n<h3 class=\"wp-block-heading\"><strong><span id=\"page1313R_mcid41\" class=\"markedContent\"><span dir=\"ltr\" role=\"presentation\">Verantwortliche Stelle im Sinne der Datenschutzgesetze<\/span><\/span><span id=\"page1313R_mcid43\" class=\"markedContent\"><\/span><span id=\"page1313R_mcid44\" class=\"markedContent\"><\/span><span id=\"page1313R_mcid45\" class=\"markedContent\"><\/span><\/strong><\/h3>\n\n\n\n<p><span id=\"page1313R_mcid45\" class=\"markedContent\"><span dir=\"ltr\" role=\"presentation\">Wir sind der <a href=\"https:\/\/www.kjr-m.de\/\" target=\"_blank\" rel=\"noopener\">Kreisjugendring M\u00fcnchen<\/a><\/span><\/span><span id=\"page1313R_mcid46\" class=\"markedContent\"><span dir=\"ltr\" role=\"presentation\">&#8211;<\/span><\/span><span id=\"page1313R_mcid47\" class=\"markedContent\"><span dir=\"ltr\" role=\"presentation\">Stadt und damit eine<\/span><\/span><span id=\"page1313R_mcid48\" class=\"markedContent\"><span dir=\"ltr\" role=\"presentation\">Gliederung des Bayerischen Jugendrings, Kd\u00f6R, entsprechend der<\/span><\/span><span id=\"page1313R_mcid49\" class=\"markedContent\"><span dir=\"ltr\" role=\"presentation\">Satzung des Bayerischen Jugendrings.<\/span><\/span><span id=\"page1313R_mcid50\" class=\"markedContent\"><\/span><span id=\"page1313R_mcid51\" class=\"markedContent\"><br><span dir=\"ltr\" role=\"presentation\">Information<\/span><\/span><span id=\"page1313R_mcid52\" class=\"markedContent\"><span dir=\"ltr\" role=\"presentation\">en<\/span><\/span><span id=\"page1313R_mcid53\" class=\"markedContent\"><\/span><span id=\"page1313R_mcid54\" class=\"markedContent\"><span dir=\"ltr\" role=\"presentation\">und Kontaktdaten finde<\/span><\/span><span id=\"page1313R_mcid55\" class=\"markedContent\"><span dir=\"ltr\" role=\"presentation\">st<\/span><\/span><span id=\"page1313R_mcid56\" class=\"markedContent\"><\/span><span id=\"page1313R_mcid57\" class=\"markedContent\"><span dir=\"ltr\" role=\"presentation\">Du<\/span><\/span><span id=\"page1313R_mcid58\" class=\"markedContent\"><\/span><span id=\"page1313R_mcid59\" class=\"markedContent\"><span dir=\"ltr\" role=\"presentation\">im<\/span><\/span><span id=\"page1313R_mcid60\" class=\"markedContent\"><span dir=\"ltr\" role=\"presentation\">Impressum<\/span><\/span><span id=\"page1313R_mcid61\" class=\"markedContent\"><span dir=\"ltr\" role=\"presentation\">. Bei<\/span><\/span><span id=\"page1313R_mcid62\" class=\"markedContent\"><span dir=\"ltr\" role=\"presentation\">Fragen k<\/span><\/span><span id=\"page1313R_mcid63\" class=\"markedContent\"><span dir=\"ltr\" role=\"presentation\">annst<\/span><\/span><span id=\"page1313R_mcid64\" class=\"markedContent\"><\/span><span id=\"page1313R_mcid65\" class=\"markedContent\"><span dir=\"ltr\" role=\"presentation\">Du<\/span><\/span><span id=\"page1313R_mcid66\" class=\"markedContent\"><\/span><span id=\"page1313R_mcid67\" class=\"markedContent\"><span dir=\"ltr\" role=\"presentation\">uns auch gerne eine Email (siehe Impressum) an uns <\/span><\/span><span id=\"page1313R_mcid68\" class=\"markedContent\"><span dir=\"ltr\" role=\"presentation\">schreiben.<\/span><\/span><span id=\"page1313R_mcid69\" class=\"markedContent\"><\/span><span id=\"page1313R_mcid70\" class=\"markedContent\"><\/span><span id=\"page1313R_mcid71\" class=\"markedContent\"><br><span dir=\"ltr\" role=\"presentation\">Sollte<\/span><\/span><span id=\"page1313R_mcid72\" class=\"markedContent\"><span dir=\"ltr\" role=\"presentation\">st<\/span><\/span><span id=\"page1313R_mcid73\" class=\"markedContent\"><\/span><span id=\"page1313R_mcid74\" class=\"markedContent\"><span dir=\"ltr\" role=\"presentation\">Du<\/span><\/span><span id=\"page1313R_mcid75\" class=\"markedContent\"><\/span><span id=\"page1313R_mcid76\" class=\"markedContent\"><span dir=\"ltr\" role=\"presentation\">eine Frage, Anregung oder Beschwerde zum Datenschutz<\/span><\/span><span id=\"page1313R_mcid77\" class=\"markedContent\"><span dir=\"ltr\" role=\"presentation\">haben, k<\/span><\/span><span id=\"page1313R_mcid78\" class=\"markedContent\"><span dir=\"ltr\" role=\"presentation\">annst<\/span><\/span><span id=\"page1313R_mcid79\" class=\"markedContent\"><\/span><span id=\"page1313R_mcid80\" class=\"markedContent\"><span dir=\"ltr\" role=\"presentation\">Du Dich<\/span><\/span><span id=\"page1313R_mcid81\" class=\"markedContent\"><\/span><span id=\"page1313R_mcid82\" class=\"markedContent\"><span dir=\"ltr\" role=\"presentation\">auch direkt an den Datenschutzbeauftragten<\/span><\/span><span id=\"page1313R_mcid83\" class=\"markedContent\"><span dir=\"ltr\" role=\"presentation\">des Kreisjugendring M\u00fcnchen<\/span><\/span><span id=\"page1313R_mcid84\" class=\"markedContent\"><span dir=\"ltr\" role=\"presentation\">&#8211;<\/span><\/span><span id=\"page1313R_mcid85\" class=\"markedContent\"><span dir=\"ltr\" role=\"presentation\">Stadt wenden.<\/span><\/span><\/p>\n\n\n\n<p><span id=\"page1R_mcid0\" class=\"markedContent\"><\/span><span id=\"page1R_mcid1\" class=\"markedContent\"><\/span><span id=\"page1R_mcid2\" class=\"markedContent\"><\/span><strong><span id=\"page1R_mcid3\" class=\"markedContent\"><span dir=\"ltr\" role=\"presentation\">Datenschutzbeauftragter des Kreisjugendring M\u00fcnchen<\/span><\/span><span id=\"page1R_mcid4\" class=\"markedContent\"><span dir=\"ltr\" role=\"presentation\">&#8211;<\/span><\/span><span id=\"page1R_mcid5\" class=\"markedContent\"><span dir=\"ltr\" role=\"presentation\">Stadt<\/span><\/span><span id=\"page1R_mcid6\" class=\"markedContent\"><\/span><\/strong><span id=\"page1R_mcid7\" class=\"markedContent\"><br role=\"presentation\"><span dir=\"ltr\" role=\"presentation\">Wolfgang Haberl<\/span><\/span><span id=\"page1R_mcid8\" class=\"markedContent\"><\/span><span id=\"page1R_mcid9\" class=\"markedContent\"><br role=\"presentation\"><span dir=\"ltr\" role=\"presentation\">datenschutz(at)kjr<\/span><\/span><span id=\"page1R_mcid10\" class=\"markedContent\"><span dir=\"ltr\" role=\"presentation\">&#8211;<\/span><\/span><span id=\"page1R_mcid11\" class=\"markedContent\"><span dir=\"ltr\" role=\"presentation\">m.de<\/span><\/span><span id=\"page1R_mcid12\" class=\"markedContent\"><\/span><span id=\"page1R_mcid13\" class=\"markedContent\"><br role=\"presentation\"><span dir=\"ltr\" role=\"presentation\">Paul<\/span><\/span><span id=\"page1R_mcid14\" class=\"markedContent\"><span dir=\"ltr\" role=\"presentation\">&#8211;<\/span><\/span><span id=\"page1R_mcid15\" class=\"markedContent\"><span dir=\"ltr\" role=\"presentation\">Heyse<\/span><\/span><span id=\"page1R_mcid16\" class=\"markedContent\"><span dir=\"ltr\" role=\"presentation\">&#8211;<\/span><\/span><span id=\"page1R_mcid17\" class=\"markedContent\"><span dir=\"ltr\" role=\"presentation\">Stra\u00dfe 22<\/span><\/span><span id=\"page1R_mcid18\" class=\"markedContent\"><\/span><span id=\"page1R_mcid19\" class=\"markedContent\"><br role=\"presentation\"><span dir=\"ltr\" role=\"presentation\">80336 M\u00fcnchen<\/span><\/span><\/p>\n\n\n\n<h3 class=\"wp-block-heading\"><span id=\"page1R_mcid36\" class=\"markedContent\"><span dir=\"ltr\" role=\"presentation\"><strong>Welche Rechte Du an Deinen Daten hast<\/strong><\/span><\/span><\/h3>\n\n\n\n<p><span id=\"page1R_mcid46\" class=\"markedContent\"><span dir=\"ltr\" role=\"presentation\">Folgende Rechte hast Du an D<\/span><\/span><span id=\"page1R_mcid47\" class=\"markedContent\"><span dir=\"ltr\" role=\"presentation\">einen<\/span><\/span><span id=\"page1R_mcid48\" class=\"markedContent\"> <span dir=\"ltr\" role=\"presentation\">personenbezogenen<\/span><\/span><span id=\"page1R_mcid49\" class=\"markedContent\"> <span dir=\"ltr\" role=\"presentation\">Daten, die Du<\/span><\/span><span id=\"page1R_mcid50\" class=\"markedContent\"> <span dir=\"ltr\" role=\"presentation\">(oder D<\/span><\/span><span id=\"page1R_mcid51\" class=\"markedContent\"><span dir=\"ltr\" role=\"presentation\">eine Eltern) an<\/span><\/span><span id=\"page1R_mcid52\" class=\"markedContent\"> <span dir=\"ltr\" role=\"presentation\">uns \u00fcbermittelt hast. Das k\u00f6nnen entweder Daten<\/span><\/span><span id=\"page1R_mcid53\" class=\"markedContent\"> <span dir=\"ltr\" role=\"presentation\">sein<\/span><\/span><span id=\"page1R_mcid54\" class=\"markedContent\"><span dir=\"ltr\" role=\"presentation\">,<\/span><\/span><span id=\"page1R_mcid55\" class=\"markedContent\"><\/span><span id=\"page1R_mcid56\" class=\"markedContent\"> <span dir=\"ltr\" role=\"presentation\">die automatisch beim Besuch unserer Seite en<\/span><\/span><span id=\"page1R_mcid57\" class=\"markedContent\"><span dir=\"ltr\" role=\"presentation\">t<\/span><\/span><span id=\"page1R_mcid58\" class=\"markedContent\"><span dir=\"ltr\" role=\"presentation\">stehen oder die Du uns<\/span> <\/span><span id=\"page1R_mcid59\" class=\"markedContent\"><span dir=\"ltr\" role=\"presentation\">\u00fcber die<\/span><\/span><span id=\"page1R_mcid60\" class=\"markedContent\"><span dir=\"ltr\" role=\"presentation\">se<\/span><\/span><span id=\"page1R_mcid61\" class=\"markedContent\"><\/span><span id=\"page1R_mcid62\" class=\"markedContent\"> <span dir=\"ltr\" role=\"presentation\">Seiten mitgeteilt hast (\u00fcber Kommentare, Kontaktformulare<\/span><\/span><span id=\"page1R_mcid63\" class=\"markedContent\"> <span dir=\"ltr\" role=\"presentation\">oder Anmeldungen)<\/span><\/span><span id=\"page1R_mcid64\" class=\"markedContent\"><\/span><span id=\"page1R_mcid65\" class=\"markedContent\"><br><span dir=\"ltr\" role=\"presentation\">Du kannst einen Export<\/span><\/span><span id=\"page1R_mcid66\" class=\"markedContent\"> <span dir=\"ltr\" role=\"presentation\">D<\/span><\/span><span id=\"page1R_mcid67\" class=\"markedContent\"><span dir=\"ltr\" role=\"presentation\">einer personenbezogenen Daten bei uns<\/span><\/span><span id=\"page1R_mcid68\" class=\"markedContent\"> <span dir=\"ltr\" role=\"presentation\">anforde<\/span><\/span><span id=\"page1R_mcid69\" class=\"markedContent\"><span dir=\"ltr\" role=\"presentation\">rn, inklusive aller Daten, die D<\/span><\/span><span id=\"page1R_mcid70\" class=\"markedContent\"><span dir=\"ltr\" role=\"presentation\">u uns mitgeteilt hast.<\/span><\/span><span id=\"page1R_mcid71\" class=\"markedContent\"><\/span><span id=\"page1R_mcid72\" class=\"markedContent\"><br><span dir=\"ltr\" role=\"presentation\">Dar\u00fcber hinaus kannst<\/span><\/span><span id=\"page1R_mcid73\" class=\"markedContent\"> <span dir=\"ltr\" role=\"presentation\">D<\/span><\/span><span id=\"page1R_mcid74\" class=\"markedContent\"><span dir=\"ltr\" role=\"presentation\">u die L\u00f6schung aller<\/span><\/span><span id=\"page1R_mcid75\" class=\"markedContent\"> <span dir=\"ltr\" role=\"presentation\">person<\/span><\/span><span id=\"page1R_mcid76\" class=\"markedContent\"><span dir=\"ltr\" role=\"presentation\">enbezogenen Daten,<\/span><\/span><span id=\"page1R_mcid77\" class=\"markedContent\"> <span dir=\"ltr\" role=\"presentation\">die wir von D<\/span><\/span><span id=\"page1R_mcid78\" class=\"markedContent\"><span dir=\"ltr\" role=\"presentation\">ir gespeichert haben, anfordern. Dies umfasst nicht die Daten,<\/span> die wir aufgrund administrativer, rechtlicher oder sicherheitsrelevanter <\/span><span id=\"page1R_mcid80\" class=\"markedContent\"><span dir=\"ltr\" role=\"presentation\">Notwendigkeiten aufbewahren m\u00fcssen.<\/span><\/span><span id=\"page1R_mcid81\" class=\"markedContent\"><\/span><span id=\"page1R_mcid82\" class=\"markedContent\"><br><span dir=\"ltr\" role=\"presentation\">Du kannst au\u00dferdem verlangen, da<\/span><\/span><span id=\"page1R_mcid83\" class=\"markedContent\"><span dir=\"ltr\" role=\"presentation\">s<\/span><\/span><span id=\"page1R_mcid84\" class=\"markedContent\"><span dir=\"ltr\" role=\"presentation\">s wir falsch<\/span><\/span><span id=\"page1R_mcid85\" class=\"markedContent\"><span dir=\"ltr\" role=\"presentation\">e Daten von Dir korrigieren.<\/span><\/span><\/p>\n\n\n\n<h3 class=\"wp-block-heading\"><span id=\"page1R_mcid96\" class=\"markedContent\"><span dir=\"ltr\" role=\"presentation\"><strong>Welche personenbezogenen Daten wir sammeln und warum wir sie sammeln<\/strong><\/span><\/span><\/h3>\n\n\n\n<h3 class=\"wp-block-heading\"><strong><span id=\"page1R_mcid116\" class=\"markedContent\"><span dir=\"ltr\" role=\"presentation\">Cookies<\/span><\/span> <span id=\"page1R_mcid117\" class=\"markedContent\"><\/span><span id=\"page1R_mcid118\" class=\"markedContent\"><span dir=\"ltr\" role=\"presentation\">allgemein<\/span><\/span><span id=\"page1R_mcid120\" class=\"markedContent\"><\/span><span id=\"page1R_mcid121\" class=\"markedContent\"><\/span><\/strong><\/h3>\n\n\n\n<p><span id=\"page1R_mcid122\" class=\"markedContent\"><span dir=\"ltr\" role=\"presentation\">Wenn Du unsere Dienste nutzt und Dein Browser es erlaubt,<\/span><\/span> <span id=\"page1R_mcid126\" class=\"markedContent\"><span dir=\"ltr\" role=\"presentation\">setzt unsere<\/span><\/span><span id=\"page1R_mcid128\" class=\"markedContent\"><\/span> <span id=\"page1R_mcid129\" class=\"markedContent\"><span dir=\"ltr\" role=\"presentation\">Dienste Cookies, um Dir diese bestm\u00f6glich zug\u00e4nglich zu<\/span> <span dir=\"ltr\" role=\"presentation\">machen.<\/span><\/span><span id=\"page1R_mcid131\" class=\"markedContent\"><\/span> <span id=\"page1R_mcid132\" class=\"markedContent\"><span dir=\"ltr\" role=\"presentation\">Diese Cookies bleiben je nach Deiner Browsereinstellung auch nach dem Besuch unserer Dienste auf Deinem Computer.<\/span><\/span><span id=\"page1R_mcid137\" class=\"markedContent\"><\/span><span id=\"page1R_mcid138\" class=\"markedContent\"><\/span><span id=\"page1R_mcid139\" class=\"markedContent\"><br><\/span>Dienste auf kjr-mooot de mit Cookies: Pleroma, Etherpad, OpenSondage<br>Keine Cookies: PairDrop, Cryptpad, LibreQR<\/p>\n\n\n\n<p><span id=\"page1R_mcid139\" class=\"markedContent\"><span dir=\"ltr\" role=\"presentation\">(Unser<\/span><\/span><span id=\"page1R_mcid140\" class=\"markedContent\"><\/span><span id=\"page1R_mcid141\" class=\"markedContent\"><span dir=\"ltr\" role=\"presentation\">Tipp: Du kannst Deinen Browser so einstellen, dass er beim<\/span> <span dir=\"ltr\" role=\"presentation\">Schlie\u00dfen alle Cookies l\u00f6scht. F\u00fcr manche Browser gibt es auch Plug-ins, die<\/span> <span dir=\"ltr\" role=\"presentation\">Dir dar\u00fcber hinaus noch mehr Kontrolle \u00fcber die Cookies von Webseiten<\/span> <span dir=\"ltr\" role=\"presentation\">geben)<\/span><\/span><span id=\"page1R_mcid152\" class=\"markedContent\"><\/span><span id=\"page1R_mcid153\" class=\"markedContent\"><\/span><span id=\"page1R_mcid154\" class=\"markedContent\">.<\/span><\/p>\n\n\n\n<h3 class=\"wp-block-heading\"><strong>Profile in f\u00f6derierten Diensten<\/strong><\/h3>\n\n\n\n<p> In den f\u00f6derierten Diensten musst Du ein Profil anlegen. Dazu ist wenigsten ein Email und ein Nutzername notwendig. Alle anderen Angaben sind freiwillig (z.B. Bio). Auf technischer Ebene k\u00f6nnen wir als Betreiber auf diese Daten zugreifen.<\/p>\n\n\n\n<h3 class=\"wp-block-heading\"><strong>Email-Kontakt<\/strong><\/h3>\n\n\n\n<p> Wenn Du mit uns \u00fcber Email Kontakt aufnimmst, entweder aus einem Dienst heraus oder \u00fcber Dein Mailprogramm, wird die Mailadresse und der Inhalt solange gespeichert, bis die Anfrage erldeigt ist.<\/p>\n\n\n\n<h3 class=\"wp-block-heading\"><span id=\"page7R_mcid23\" class=\"markedContent\"><span dir=\"ltr\" role=\"presentation\"><strong>Mit wem wir Deine Daten teilen<\/strong><\/span><\/span><\/h3>\n\n\n\n<p><span id=\"page7R_mcid57\" class=\"markedContent\"><span dir=\"ltr\" role=\"presentation\">Daten die von einzelnen Diensten herhoben werden (wie zum Beispiel IP-Nummern, Browser oder App, ungef\u00e4hrere Standort, Betriebssystem und Zeitpunkt des Zugriffes) werden nur f\u00fcr<\/span> <span dir=\"ltr\" role=\"presentation\">die Erf\u00fcllung des jeweilig<\/span><\/span><span id=\"page7R_mcid60\" class=\"markedContent\"><\/span><span id=\"page7R_mcid61\" class=\"markedContent\"><span dir=\"ltr\" role=\"presentation\">angegebenen<\/span><\/span><span id=\"page7R_mcid62\" class=\"markedContent\"><\/span> <span id=\"page7R_mcid63\" class=\"markedContent\"><span dir=\"ltr\" role=\"presentation\">Verwendungszwecks<\/span><\/span><span id=\"page7R_mcid65\" class=\"markedContent\"><\/span> <span id=\"page7R_mcid66\" class=\"markedContent\"><span dir=\"ltr\" role=\"presentation\">genutzt.<br><br>Personen bezogene Daten die Du bei einzelnen Diensten eingegeben hast, zum Beispiel deine Mailadresse, werden von uns nicht weitergegeben.<br><br>Personenbezogene Daten die Du in f\u00f6derierende Dienste (z.B. Pleroma, Pixelfed u.a.) in deinem Profil oder Postings eingeben hast\u00a0 k\u00f6nnen von anderen Servern im Fediverse abgerufen werden. <\/span><\/span><br><br><span id=\"page7R_mcid70\" class=\"markedContent\"><span dir=\"ltr\" role=\"presentation\">Die Daten,<\/span><\/span><span id=\"page7R_mcid72\" class=\"markedContent\"><\/span><span id=\"page7R_mcid73\" class=\"markedContent\"><span dir=\"ltr\" role=\"presentation\">die von eingebetteten Diensten (z.B. Videoplattformen die in Postings eingebettet werden)erhoben<\/span> <span dir=\"ltr\" role=\"presentation\">werden, k\u00f6nnen von<\/span> <span dir=\"ltr\" role=\"presentation\">diesen aber weitergegeben werden.<\/span><br><\/span><\/p>\n\n\n\n<h3 class=\"wp-block-heading\"><span id=\"page9R_mcid170\" class=\"markedContent\"><span dir=\"ltr\" role=\"presentation\"><strong>Weitere Informationen<\/strong><\/span><\/span><\/h3>\n\n\n\n<h3 class=\"wp-block-heading\"><span id=\"page9R_mcid189\" class=\"markedContent\"><span dir=\"ltr\" role=\"presentation\"><strong>Wie wir Deine Daten sch\u00fctzen<\/strong><\/span><\/span><\/h3>\n\n\n\n<ul class=\"wp-block-list\">\n<li>Serverstandort: Unsere Serverstandorte sind bei einem Provider in Deutschland<\/li>\n\n\n\n<li>Auswahl der Dienste. Wir w\u00e4hlen die Dienste nach verschiedenen Kriterien aus, dazu z\u00e4hlt auch wie Datensparsam sie sind oder ob sie die Daten verschl\u00fcsseln.<\/li>\n\n\n\n<li><span id=\"page9R_mcid191\" class=\"markedContent\"><\/span><span id=\"page9R_mcid192\" class=\"markedContent\"><\/span><span id=\"page9R_mcid193\" class=\"markedContent\"><\/span><span id=\"page9R_mcid195\" class=\"markedContent\"><span dir=\"ltr\" role=\"presentation\">Updates<\/span><\/span><span id=\"page9R_mcid196\" class=\"markedContent\"><\/span><span id=\"page9R_mcid197\" class=\"markedContent\"><br><span dir=\"ltr\" role=\"presentation\">Wir spielen alle Updates<\/span><\/span><span id=\"page9R_mcid200\" class=\"markedContent\"><span dir=\"ltr\" role=\"presentation\">z\u00fcgig auf, um<\/span><\/span><span id=\"page9R_mcid201\" class=\"markedContent\"><span dir=\"ltr\" role=\"presentation\">eventuelle <\/span><\/span><span id=\"page9R_mcid202\" class=\"markedContent\"><span dir=\"ltr\" role=\"presentation\">Sicherheitsl\u00fccken rasch zu<\/span><\/span><span id=\"page9R_mcid203\" class=\"markedContent\"><span dir=\"ltr\" role=\"presentation\">schlie\u00dfen.<\/span><\/span><\/li>\n\n\n\n<li><span id=\"page9R_mcid204\" class=\"markedContent\"><\/span><span id=\"page9R_mcid205\" class=\"markedContent\"><\/span><span id=\"page9R_mcid206\" class=\"markedContent\"><\/span><span id=\"page9R_mcid208\" class=\"markedContent\"><span dir=\"ltr\" role=\"presentation\">SSL\/TLS<\/span><\/span><span id=\"page9R_mcid209\" class=\"markedContent\"><\/span><span id=\"page9R_mcid210\" class=\"markedContent\"><br><span dir=\"ltr\" role=\"presentation\">F\u00fcr unsere Webseite verwenden wir ein SSL-Zertifikat, damit Deine<\/span> <span dir=\"ltr\" role=\"presentation\">Daten nicht offen an uns \u00fcbertragen werden. E-Mails aus<\/span> <span dir=\"ltr\" role=\"presentation\">Kontaktformularen oder Anmeldungen werden an uns mit TLS<\/span> <span dir=\"ltr\" role=\"presentation\">versendet. Zus\u00e4tzlich werden E-Mails die \u00fcber Formulare an uns geschickt werden mittels PGP verschl\u00fcsselt.<\/span><\/span><\/li>\n\n\n\n<li><span id=\"page11R_mcid5\" class=\"markedContent\"><span dir=\"ltr\" role=\"presentation\">Datensparsamkeit<\/span><\/span><span id=\"page11R_mcid6\" class=\"markedContent\"><\/span><span id=\"page11R_mcid7\" class=\"markedContent\"><\/span> &#8211; <span id=\"page11R_mcid7\" class=\"markedContent\"><span dir=\"ltr\" role=\"presentation\">Wir<\/span><\/span><span id=\"page11R_mcid8\" class=\"markedContent\"><\/span> <span id=\"page11R_mcid9\" class=\"markedContent\"><span dir=\"ltr\" role=\"presentation\">erheben nur die Daten,<\/span><\/span><span id=\"page11R_mcid11\" class=\"markedContent\"><\/span><span id=\"page11R_mcid12\" class=\"markedContent\"><span dir=\"ltr\" role=\"presentation\">die wir wirklich ben\u00f6tigen.<\/span><\/span><span id=\"page11R_mcid13\" class=\"markedContent\"><\/span><span id=\"page11R_mcid26\" class=\"markedContent\"><\/span><\/li>\n<\/ul>\n\n\n\n<h3 class=\"wp-block-heading\"><strong><span id=\"page11R_mcid39\" class=\"markedContent\"><span dir=\"ltr\" role=\"presentation\">Warum hier keine Paragrafen stehen<\/span><\/span><span id=\"page11R_mcid40\" class=\"markedContent\"><\/span><span id=\"page11R_mcid41\" class=\"markedContent\"><\/span><span id=\"page11R_mcid42\" class=\"markedContent\"><\/span><\/strong><\/h3>\n\n\n\n<p><span id=\"page11R_mcid42\" class=\"markedContent\"><span dir=\"ltr\" role=\"presentation\">Die Datenschutzgrundverordnung schreibt vor,<\/span><\/span><span id=\"page11R_mcid43\" class=\"markedContent\"> <span dir=\"ltr\" role=\"presentation\">da<\/span><\/span><span id=\"page11R_mcid44\" class=\"markedContent\"><span dir=\"ltr\" role=\"presentation\">ss wir in \u201e<\/span><\/span><span id=\"page11R_mcid45\" class=\"markedContent\"><span dir=\"ltr\" role=\"presentation\">verst\u00e4ndlicher<\/span><\/span><span id=\"page11R_mcid46\" class=\"markedContent\"> <span dir=\"ltr\" role=\"presentation\">und leicht zug\u00e4nglicher Form in einer klaren und einfachen<\/span><\/span><span id=\"page11R_mcid47\" class=\"markedContent\"> <span dir=\"ltr\" role=\"presentation\">Sprache\u201d<\/span><\/span><span id=\"page11R_mcid48\" class=\"markedContent\"> <span dir=\"ltr\" role=\"presentation\">erkl\u00e4ren, was wir mit D<\/span><\/span><span id=\"page11R_mcid49\" class=\"markedContent\"><span dir=\"ltr\" role=\"presentation\">einen Daten machen. Wenn Du dazu<\/span><\/span><span id=\"page11R_mcid50\" class=\"markedContent\"> <span dir=\"ltr\" role=\"presentation\">weitere<\/span><\/span><span id=\"page11R_mcid51\" class=\"markedContent\"> <span dir=\"ltr\" role=\"presentation\">Fr<\/span><\/span><span id=\"page11R_mcid52\" class=\"markedContent\"><span dir=\"ltr\" role=\"presentation\">agen<\/span><\/span><span id=\"page11R_mcid53\" class=\"markedContent\"><br role=\"presentation\"><span dir=\"ltr\" role=\"presentation\">haben solltest, kannst Du D<\/span><\/span><span id=\"page11R_mcid54\" class=\"markedContent\"><span dir=\"ltr\" role=\"presentation\">ich an den&nbsp; Datenschutzbeauftragten des<\/span><\/span><span id=\"page11R_mcid55\" class=\"markedContent\"> <span dir=\"ltr\" role=\"presentation\">Kreisjugendring M\u00fcnchen<\/span><\/span><span id=\"page11R_mcid56\" class=\"markedContent\"><span dir=\"ltr\" role=\"presentation\">&#8211;<\/span><\/span><span id=\"page11R_mcid57\" class=\"markedContent\"><span dir=\"ltr\" role=\"presentation\">Stadt wenden<\/span><\/span><span id=\"page11R_mcid58\" class=\"markedContent\"><span dir=\"ltr\" role=\"presentation\">:<\/span><\/span><span id=\"page11R_mcid59\" class=\"markedContent\"><\/span><span id=\"page11R_mcid60\" class=\"markedContent\"> <span dir=\"ltr\" role=\"presentation\">datenschutz(at)kjr<\/span><\/span><span id=\"page11R_mcid61\" class=\"markedContent\"><span dir=\"ltr\" role=\"presentation\">&#8211;<\/span><\/span><span id=\"page11R_mcid62\" class=\"markedContent\"><span dir=\"ltr\" role=\"presentation\">m.de.<\/span><\/span><\/p>\n","protected":false},"excerpt":{"rendered":"<p>Allgemeine Datenschutzerkl\u00e4rung f\u00fcr die MuT-Onlinedienste Die Folgende Erkl\u00e4rung ist eine \u00dcbersicht. Einzelne Dienste, vor allem die Teil des Fediverse sind, haben nochmal Eigene. Verantwortliche Stelle im Sinne der Datenschutzgesetze Wir sind der Kreisjugendring M\u00fcnchen&#8211;Stadt und damit eineGliederung des Bayerischen Jugendrings, Kd\u00f6R, entsprechend derSatzung des Bayerischen Jugendrings.Informationenund Kontaktdaten findestDuimImpressum. BeiFragen kannstDuuns auch gerne eine Email (siehe [&hellip;]<\/p>\n","protected":false},"author":1,"featured_media":0,"parent":0,"menu_order":0,"comment_status":"closed","ping_status":"closed","template":"","meta":{"footnotes":""},"class_list":["post-151","page","type-page","status-publish","hentry"],"_links":{"self":[{"href":"https:\/\/www.kjr-mooot.de\/blog\/wp-json\/wp\/v2\/pages\/151","targetHints":{"allow":["GET"]}}],"collection":[{"href":"https:\/\/www.kjr-mooot.de\/blog\/wp-json\/wp\/v2\/pages"}],"about":[{"href":"https:\/\/www.kjr-mooot.de\/blog\/wp-json\/wp\/v2\/types\/page"}],"author":[{"embeddable":true,"href":"https:\/\/www.kjr-mooot.de\/blog\/wp-json\/wp\/v2\/users\/1"}],"replies":[{"embeddable":true,"href":"https:\/\/www.kjr-mooot.de\/blog\/wp-json\/wp\/v2\/comments?post=151"}],"version-history":[{"count":8,"href":"https:\/\/www.kjr-mooot.de\/blog\/wp-json\/wp\/v2\/pages\/151\/revisions"}],"predecessor-version":[{"id":369,"href":"https:\/\/www.kjr-mooot.de\/blog\/wp-json\/wp\/v2\/pages\/151\/revisions\/369"}],"wp:attachment":[{"href":"https:\/\/www.kjr-mooot.de\/blog\/wp-json\/wp\/v2\/media?parent=151"}],"curies":[{"name":"wp","href":"https:\/\/api.w.org\/{rel}","templated":true}]}}